{"id":1871,"date":"2011-06-22T08:38:18","date_gmt":"2011-06-22T06:38:18","guid":{"rendered":"http:\/\/boeselager-realschule.de\/?page_id=1871"},"modified":"2018-08-20T16:09:02","modified_gmt":"2018-08-20T14:09:02","slug":"diagnostik","status":"publish","type":"page","link":"https:\/\/boeselager-realschule.de\/?page_id=1871","title":{"rendered":"Diagnostik"},"content":{"rendered":"<p><strong>Diagnostik<\/strong><\/p>\n<p>Wir nutzen im Hauptfachbereich die Angebote der Schulbuchverlage zur Online-Diagnostik und F\u00f6rderung. Diese Diagnostik ist eng verkn\u00fcpft mit den Lehrwerken f\u00fcr die F\u00e4cher Deutsch, Mathematik und Englisch. Die kompetenzorientierten Diagnoseverfahren erm\u00f6glichen nicht nur detaillierte Tests in den wesentlichen Kernbereichen der jeweiligen F\u00e4cher, sondern im Anschluss daran auf der Grundlage von F\u00f6rderpl\u00e4nen auch eine passgenaue F\u00f6rderung anhand individuell auf jeden Sch\u00fcler abgestimmten F\u00f6rdermaterials.<\/p>\n<blockquote><p>Ablaufplan<\/p><\/blockquote>\n<p><em>1. Diagnose (Eingangstest)<\/em><br \/>\nAnfang Kl. 5: Deutsch, Mathematik<\/p>\n<p>bei Bedarf weitere Detailtests im Laufe der Kl. 6<\/p>\n<p><em>2. Diagnose (Nachtest)<\/em><\/p>\n<p>Ende Kl. 6: Deutsch, Mathematik, Englisch<\/p>\n<p><em>3. Diagnose (Einstufungstest)<\/em><\/p>\n<p>ab Kl. 8:\u00a0 Deutsch, Mathematik, Englisch<\/p>\n<p>bei hohem F\u00f6rderbedarf oder angestrebtem Wechsel des Bildungsgangs<\/p>\n<p>Das erste Diagnoseverfahrwen wird bereits in der sogenannten Einf\u00fchrungswoche f\u00fcr unsere neuen F\u00fcnftkl\u00e4ssler jeweils zu Schuljahresbeginn durchgef\u00fchrt.<\/p>\n<p><strong>Hier geht\u2019s zu den Zug\u00e4ngen:<\/strong><\/p>\n<p style=\"text-align: center;\"><a href=\"http:\/\/www.onlinediagnose.de\/test\" target=\"_blank\" rel=\"noopener\"><strong>Sch\u00fcler-Zugang<\/strong><\/a><\/p>\n<p style=\"text-align: center;\">\u00a0<a href=\"http:\/\/www.onlinediagnose.de\/index.php?page=administration\"><strong>Lehrer-Zugang<\/strong><\/a><\/p>\n","protected":false},"excerpt":{"rendered":"<p>Diagnostik Wir nutzen im Hauptfachbereich die Angebote der Schulbuchverlage zur Online-Diagnostik und F\u00f6rderung. Diese Diagnostik ist eng verkn\u00fcpft mit den Lehrwerken f\u00fcr die F\u00e4cher Deutsch, Mathematik und Englisch. Die kompetenzorientierten Diagnoseverfahren erm\u00f6glichen nicht nur detaillierte Tests in den wesentlichen Kernbereichen der jeweiligen F\u00e4cher, sondern im Anschluss daran auf der Grundlage von F\u00f6rderpl\u00e4nen auch eine passgenaue [&hellip;]<\/p>\n","protected":false},"author":5,"featured_media":0,"parent":1113,"menu_order":1,"comment_status":"closed","ping_status":"open","template":"","meta":{"ngg_post_thumbnail":0,"footnotes":""},"class_list":["post-1871","page","type-page","status-publish","hentry"],"yoast_head":"<!-- This site is optimized with the Yoast SEO plugin v28.3 - https:\/\/yoast.com\/product\/yoast-seo-wordpress\/ -->\n<title>Diagnostik &#183; Philipp Freiherr von Boeselager Realschule plus Ahrweiler<\/title>\n<meta name=\"description\" content=\"Realschule plus, Ahrweiler, Boeselager Realschule, individuelle F\u00f6rderung, Wahlpflichtf\u00e4cher, internationale Partnerschaften, Arbeitsgemeinschaften, Bildung, Schulgemeinschaft\" \/>\n<meta name=\"robots\" content=\"index, follow, max-snippet:-1, max-image-preview:large, max-video-preview:-1\" \/>\n<link rel=\"canonical\" href=\"https:\/\/boeselager-realschule.de\/?page_id=1871\" \/>\n<meta property=\"og:locale\" content=\"de_DE\" \/>\n<meta property=\"og:type\" content=\"article\" \/>\n<meta property=\"og:title\" content=\"Diagnostik &#183; Philipp Freiherr von Boeselager Realschule plus Ahrweiler\" \/>\n<meta property=\"og:description\" content=\"Realschule plus, Ahrweiler, Boeselager Realschule, individuelle F\u00f6rderung, Wahlpflichtf\u00e4cher, internationale Partnerschaften, Arbeitsgemeinschaften, Bildung, Schulgemeinschaft\" \/>\n<meta property=\"og:url\" content=\"https:\/\/boeselager-realschule.de\/?page_id=1871\" \/>\n<meta property=\"og:site_name\" content=\"Philipp Freiherr von Boeselager Realschule plus Ahrweiler\" \/>\n<meta property=\"article:publisher\" content=\"https:\/\/www.facebook.com\/rsplus\" \/>\n<meta property=\"article:modified_time\" content=\"2018-08-20T14:09:02+00:00\" \/>\n<meta name=\"twitter:card\" content=\"summary_large_image\" \/>\n<meta name=\"twitter:label1\" content=\"Gesch\u00e4tzte Lesezeit\" \/>\n\t<meta name=\"twitter:data1\" content=\"1\u00a0Minute\" \/>\n<script type=\"application\/ld+json\" class=\"yoast-schema-graph\">{\"@context\":\"https:\\\/\\\/schema.org\",\"@graph\":[{\"@type\":\"WebPage\",\"@id\":\"https:\\\/\\\/boeselager-realschule.de\\\/?page_id=1871\",\"url\":\"https:\\\/\\\/boeselager-realschule.de\\\/?page_id=1871\",\"name\":\"Diagnostik &#183; Philipp Freiherr von Boeselager Realschule plus Ahrweiler\",\"isPartOf\":{\"@id\":\"https:\\\/\\\/boeselager-realschule.de\\\/#website\"},\"datePublished\":\"2011-06-22T06:38:18+00:00\",\"dateModified\":\"2018-08-20T14:09:02+00:00\",\"description\":\"Realschule plus, Ahrweiler, Boeselager Realschule, individuelle F\u00f6rderung, Wahlpflichtf\u00e4cher, internationale Partnerschaften, Arbeitsgemeinschaften, Bildung, Schulgemeinschaft\",\"breadcrumb\":{\"@id\":\"https:\\\/\\\/boeselager-realschule.de\\\/?page_id=1871#breadcrumb\"},\"inLanguage\":\"de\",\"potentialAction\":[{\"@type\":\"ReadAction\",\"target\":[\"https:\\\/\\\/boeselager-realschule.de\\\/?page_id=1871\"]}]},{\"@type\":\"BreadcrumbList\",\"@id\":\"https:\\\/\\\/boeselager-realschule.de\\\/?page_id=1871#breadcrumb\",\"itemListElement\":[{\"@type\":\"ListItem\",\"position\":1,\"name\":\"Startseite\",\"item\":\"https:\\\/\\\/boeselager-realschule.de\\\/\"},{\"@type\":\"ListItem\",\"position\":2,\"name\":\"Profil\",\"item\":\"https:\\\/\\\/boeselager-realschule.de\\\/?page_id=1106\"},{\"@type\":\"ListItem\",\"position\":3,\"name\":\"Individuelle F\u00f6rderung\",\"item\":\"https:\\\/\\\/boeselager-realschule.de\\\/?page_id=1113\"},{\"@type\":\"ListItem\",\"position\":4,\"name\":\"Diagnostik\"}]},{\"@type\":\"WebSite\",\"@id\":\"https:\\\/\\\/boeselager-realschule.de\\\/#website\",\"url\":\"https:\\\/\\\/boeselager-realschule.de\\\/\",\"name\":\"Philipp Freiherr von Boeselager Realschule plus Ahrweiler\",\"description\":\"\",\"publisher\":{\"@id\":\"https:\\\/\\\/boeselager-realschule.de\\\/#organization\"},\"potentialAction\":[{\"@type\":\"SearchAction\",\"target\":{\"@type\":\"EntryPoint\",\"urlTemplate\":\"https:\\\/\\\/boeselager-realschule.de\\\/?s={search_term_string}\"},\"query-input\":{\"@type\":\"PropertyValueSpecification\",\"valueRequired\":true,\"valueName\":\"search_term_string\"}}],\"inLanguage\":\"de\"},{\"@type\":\"Organization\",\"@id\":\"https:\\\/\\\/boeselager-realschule.de\\\/#organization\",\"name\":\"Philipp Freiherr von Boeselager Realschule plus Ahrweiler\",\"url\":\"https:\\\/\\\/boeselager-realschule.de\\\/\",\"logo\":{\"@type\":\"ImageObject\",\"inLanguage\":\"de\",\"@id\":\"https:\\\/\\\/boeselager-realschule.de\\\/#\\\/schema\\\/logo\\\/image\\\/\",\"url\":\"https:\\\/\\\/boeselager-realschule.de\\\/wp-content\\\/uploads\\\/2025\\\/02\\\/logo_280-gif.gif\",\"contentUrl\":\"https:\\\/\\\/boeselager-realschule.de\\\/wp-content\\\/uploads\\\/2025\\\/02\\\/logo_280-gif.gif\",\"width\":280,\"height\":226,\"caption\":\"Philipp Freiherr von Boeselager Realschule plus Ahrweiler\"},\"image\":{\"@id\":\"https:\\\/\\\/boeselager-realschule.de\\\/#\\\/schema\\\/logo\\\/image\\\/\"},\"sameAs\":[\"https:\\\/\\\/www.facebook.com\\\/rsplus\"]}]}<\/script>\n<!-- \/ Yoast SEO plugin. -->","yoast_head_json":{"title":"Diagnostik &#183; Philipp Freiherr von Boeselager Realschule plus Ahrweiler","description":"Realschule plus, Ahrweiler, Boeselager Realschule, individuelle F\u00f6rderung, Wahlpflichtf\u00e4cher, internationale Partnerschaften, Arbeitsgemeinschaften, Bildung, Schulgemeinschaft","robots":{"index":"index","follow":"follow","max-snippet":"max-snippet:-1","max-image-preview":"max-image-preview:large","max-video-preview":"max-video-preview:-1"},"canonical":"https:\/\/boeselager-realschule.de\/?page_id=1871","og_locale":"de_DE","og_type":"article","og_title":"Diagnostik &#183; Philipp Freiherr von Boeselager Realschule plus Ahrweiler","og_description":"Realschule plus, Ahrweiler, Boeselager Realschule, individuelle F\u00f6rderung, Wahlpflichtf\u00e4cher, internationale Partnerschaften, Arbeitsgemeinschaften, Bildung, Schulgemeinschaft","og_url":"https:\/\/boeselager-realschule.de\/?page_id=1871","og_site_name":"Philipp Freiherr von Boeselager Realschule plus Ahrweiler","article_publisher":"https:\/\/www.facebook.com\/rsplus","article_modified_time":"2018-08-20T14:09:02+00:00","twitter_card":"summary_large_image","twitter_misc":{"Gesch\u00e4tzte Lesezeit":"1\u00a0Minute"},"schema":{"@context":"https:\/\/schema.org","@graph":[{"@type":"WebPage","@id":"https:\/\/boeselager-realschule.de\/?page_id=1871","url":"https:\/\/boeselager-realschule.de\/?page_id=1871","name":"Diagnostik &#183; Philipp Freiherr von Boeselager Realschule plus Ahrweiler","isPartOf":{"@id":"https:\/\/boeselager-realschule.de\/#website"},"datePublished":"2011-06-22T06:38:18+00:00","dateModified":"2018-08-20T14:09:02+00:00","description":"Realschule plus, Ahrweiler, Boeselager Realschule, individuelle F\u00f6rderung, Wahlpflichtf\u00e4cher, internationale Partnerschaften, Arbeitsgemeinschaften, Bildung, Schulgemeinschaft","breadcrumb":{"@id":"https:\/\/boeselager-realschule.de\/?page_id=1871#breadcrumb"},"inLanguage":"de","potentialAction":[{"@type":"ReadAction","target":["https:\/\/boeselager-realschule.de\/?page_id=1871"]}]},{"@type":"BreadcrumbList","@id":"https:\/\/boeselager-realschule.de\/?page_id=1871#breadcrumb","itemListElement":[{"@type":"ListItem","position":1,"name":"Startseite","item":"https:\/\/boeselager-realschule.de\/"},{"@type":"ListItem","position":2,"name":"Profil","item":"https:\/\/boeselager-realschule.de\/?page_id=1106"},{"@type":"ListItem","position":3,"name":"Individuelle F\u00f6rderung","item":"https:\/\/boeselager-realschule.de\/?page_id=1113"},{"@type":"ListItem","position":4,"name":"Diagnostik"}]},{"@type":"WebSite","@id":"https:\/\/boeselager-realschule.de\/#website","url":"https:\/\/boeselager-realschule.de\/","name":"Philipp Freiherr von Boeselager Realschule plus Ahrweiler","description":"","publisher":{"@id":"https:\/\/boeselager-realschule.de\/#organization"},"potentialAction":[{"@type":"SearchAction","target":{"@type":"EntryPoint","urlTemplate":"https:\/\/boeselager-realschule.de\/?s={search_term_string}"},"query-input":{"@type":"PropertyValueSpecification","valueRequired":true,"valueName":"search_term_string"}}],"inLanguage":"de"},{"@type":"Organization","@id":"https:\/\/boeselager-realschule.de\/#organization","name":"Philipp Freiherr von Boeselager Realschule plus Ahrweiler","url":"https:\/\/boeselager-realschule.de\/","logo":{"@type":"ImageObject","inLanguage":"de","@id":"https:\/\/boeselager-realschule.de\/#\/schema\/logo\/image\/","url":"https:\/\/boeselager-realschule.de\/wp-content\/uploads\/2025\/02\/logo_280-gif.gif","contentUrl":"https:\/\/boeselager-realschule.de\/wp-content\/uploads\/2025\/02\/logo_280-gif.gif","width":280,"height":226,"caption":"Philipp Freiherr von Boeselager Realschule plus Ahrweiler"},"image":{"@id":"https:\/\/boeselager-realschule.de\/#\/schema\/logo\/image\/"},"sameAs":["https:\/\/www.facebook.com\/rsplus"]}]}},"_links":{"self":[{"href":"https:\/\/boeselager-realschule.de\/index.php?rest_route=\/wp\/v2\/pages\/1871","targetHints":{"allow":["GET"]}}],"collection":[{"href":"https:\/\/boeselager-realschule.de\/index.php?rest_route=\/wp\/v2\/pages"}],"about":[{"href":"https:\/\/boeselager-realschule.de\/index.php?rest_route=\/wp\/v2\/types\/page"}],"author":[{"embeddable":true,"href":"https:\/\/boeselager-realschule.de\/index.php?rest_route=\/wp\/v2\/users\/5"}],"replies":[{"embeddable":true,"href":"https:\/\/boeselager-realschule.de\/index.php?rest_route=%2Fwp%2Fv2%2Fcomments&post=1871"}],"version-history":[{"count":0,"href":"https:\/\/boeselager-realschule.de\/index.php?rest_route=\/wp\/v2\/pages\/1871\/revisions"}],"up":[{"embeddable":true,"href":"https:\/\/boeselager-realschule.de\/index.php?rest_route=\/wp\/v2\/pages\/1113"}],"wp:attachment":[{"href":"https:\/\/boeselager-realschule.de\/index.php?rest_route=%2Fwp%2Fv2%2Fmedia&parent=1871"}],"curies":[{"name":"wp","href":"https:\/\/api.w.org\/{rel}","templated":true}]}}

<p><strong>Diagnostik</strong></p>
<p>Wir nutzen im Hauptfachbereich die Angebote der Schulbuchverlage zur Online-Diagnostik und Förderung. Diese Diagnostik ist eng verknüpft mit den Lehrwerken für die Fächer Deutsch, Mathematik und Englisch. Die kompetenzorientierten Diagnoseverfahren ermöglichen nicht nur detaillierte Tests in den wesentlichen Kernbereichen der jeweiligen Fächer, sondern im Anschluss daran auf der Grundlage von Förderplänen auch eine passgenaue Förderung anhand individuell auf jeden Schüler abgestimmten Fördermaterials.</p>
<blockquote><p>Ablaufplan</p></blockquote>
<p><em>1. Diagnose (Eingangstest)</em><br />
Anfang Kl. 5: Deutsch, Mathematik</p>
<p>bei Bedarf weitere Detailtests im Laufe der Kl. 6</p>
<p><em>2. Diagnose (Nachtest)</em></p>
<p>Ende Kl. 6: Deutsch, Mathematik, Englisch</p>
<p><em>3. Diagnose (Einstufungstest)</em></p>
<p>ab Kl. 8:  Deutsch, Mathematik, Englisch</p>
<p>bei hohem Förderbedarf oder angestrebtem Wechsel des Bildungsgangs</p>
<p>Das erste Diagnoseverfahrwen wird bereits in der sogenannten Einführungswoche für unsere neuen Fünftklässler jeweils zu Schuljahresbeginn durchgeführt.</p>
<p><strong>Hier geht’s zu den Zugängen:</strong></p>
<p style="text-align: center;"><a href="http://www.onlinediagnose.de/test" target="_blank" rel="noopener"><strong>Schüler-Zugang</strong></a></p>
<p style="text-align: center;"> <a href="http://www.onlinediagnose.de/index.php?page=administration"><strong>Lehrer-Zugang</strong></a></p>

<p>Diagnostik Wir nutzen im Hauptfachbereich die Angebote der Schulbuchverlage zur Online-Diagnostik und Förderung. Diese Diagnostik ist eng verknüpft mit den Lehrwerken für die Fächer Deutsch, Mathematik und Englisch. Die kompetenzorientierten Diagnoseverfahren ermöglichen nicht nur detaillierte Tests in den wesentlichen Kernbereichen der jeweiligen Fächer, sondern im Anschluss daran auf der Grundlage von Förderplänen auch eine passgenaue [&hellip;]</p>

<!-- This site is optimized with the Yoast SEO plugin v28.3 - https://yoast.com/product/yoast-seo-wordpress/ -->
<title>Diagnostik &#183; Philipp Freiherr von Boeselager Realschule plus Ahrweiler</title>
<meta name="description" content="Realschule plus, Ahrweiler, Boeselager Realschule, individuelle Förderung, Wahlpflichtfächer, internationale Partnerschaften, Arbeitsgemeinschaften, Bildung, Schulgemeinschaft" />
<meta name="robots" content="index, follow, max-snippet:-1, max-image-preview:large, max-video-preview:-1" />
<link rel="canonical" href="https://boeselager-realschule.de/?page_id=1871" />
<meta property="og:locale" content="de_DE" />
<meta property="og:type" content="article" />
<meta property="og:title" content="Diagnostik &#183; Philipp Freiherr von Boeselager Realschule plus Ahrweiler" />
<meta property="og:description" content="Realschule plus, Ahrweiler, Boeselager Realschule, individuelle Förderung, Wahlpflichtfächer, internationale Partnerschaften, Arbeitsgemeinschaften, Bildung, Schulgemeinschaft" />
<meta property="og:url" content="https://boeselager-realschule.de/?page_id=1871" />
<meta property="og:site_name" content="Philipp Freiherr von Boeselager Realschule plus Ahrweiler" />
<meta property="article:publisher" content="https://www.facebook.com/rsplus" />
<meta property="article:modified_time" content="2018-08-20T14:09:02+00:00" />
<meta name="twitter:card" content="summary_large_image" />
<meta name="twitter:label1" content="Geschätzte Lesezeit" />
	<meta name="twitter:data1" content="1 Minute" />
<script type="application/ld+json" class="yoast-schema-graph">{"@context":"https:\/\/schema.org","@graph":[{"@type":"WebPage","@id":"https:\/\/boeselager-realschule.de\/?page_id=1871","url":"https:\/\/boeselager-realschule.de\/?page_id=1871","name":"Diagnostik &#183; Philipp Freiherr von Boeselager Realschule plus Ahrweiler","isPartOf":{"@id":"https:\/\/boeselager-realschule.de\/#website"},"datePublished":"2011-06-22T06:38:18+00:00","dateModified":"2018-08-20T14:09:02+00:00","description":"Realschule plus, Ahrweiler, Boeselager Realschule, individuelle Förderung, Wahlpflichtfächer, internationale Partnerschaften, Arbeitsgemeinschaften, Bildung, Schulgemeinschaft","breadcrumb":{"@id":"https:\/\/boeselager-realschule.de\/?page_id=1871#breadcrumb"},"inLanguage":"de","potentialAction":[{"@type":"ReadAction","target":["https:\/\/boeselager-realschule.de\/?page_id=1871"]}]},{"@type":"BreadcrumbList","@id":"https:\/\/boeselager-realschule.de\/?page_id=1871#breadcrumb","itemListElement":[{"@type":"ListItem","position":1,"name":"Startseite","item":"https:\/\/boeselager-realschule.de\/"},{"@type":"ListItem","position":2,"name":"Profil","item":"https:\/\/boeselager-realschule.de\/?page_id=1106"},{"@type":"ListItem","position":3,"name":"Individuelle Förderung","item":"https:\/\/boeselager-realschule.de\/?page_id=1113"},{"@type":"ListItem","position":4,"name":"Diagnostik"}]},{"@type":"WebSite","@id":"https:\/\/boeselager-realschule.de\/#website","url":"https:\/\/boeselager-realschule.de\/","name":"Philipp Freiherr von Boeselager Realschule plus Ahrweiler","description":"","publisher":{"@id":"https:\/\/boeselager-realschule.de\/#organization"},"potentialAction":[{"@type":"SearchAction","target":{"@type":"EntryPoint","urlTemplate":"https:\/\/boeselager-realschule.de\/?s={search_term_string}"},"query-input":{"@type":"PropertyValueSpecification","valueRequired":true,"valueName":"search_term_string"}}],"inLanguage":"de"},{"@type":"Organization","@id":"https:\/\/boeselager-realschule.de\/#organization","name":"Philipp Freiherr von Boeselager Realschule plus Ahrweiler","url":"https:\/\/boeselager-realschule.de\/","logo":{"@type":"ImageObject","inLanguage":"de","@id":"https:\/\/boeselager-realschule.de\/#\/schema\/logo\/image\/","url":"https:\/\/boeselager-realschule.de\/wp-content\/uploads\/2025\/02\/logo_280-gif.gif","contentUrl":"https:\/\/boeselager-realschule.de\/wp-content\/uploads\/2025\/02\/logo_280-gif.gif","width":280,"height":226,"caption":"Philipp Freiherr von Boeselager Realschule plus Ahrweiler"},"image":{"@id":"https:\/\/boeselager-realschule.de\/#\/schema\/logo\/image\/"},"sameAs":["https:\/\/www.facebook.com\/rsplus"]}]}</script>
<!-- / Yoast SEO plugin. -->

Realschule plus, Ahrweiler, Boeselager Realschule, individuelle Förderung, Wahlpflichtfächer, internationale Partnerschaften, Arbeitsgemeinschaften, Bildung, Schulgemeinschaft

Individuelle Förderung
