{"id":1711,"date":"2011-03-23T13:54:52","date_gmt":"2011-03-23T12:54:52","guid":{"rendered":"http:\/\/boeselager-schule.de\/?page_id=1711"},"modified":"2023-01-09T18:38:16","modified_gmt":"2023-01-09T17:38:16","slug":"lehrstellenborse","status":"publish","type":"page","link":"https:\/\/boeselager-realschule.de\/?page_id=1711","title":{"rendered":"Lehrstellenb\u00f6rse"},"content":{"rendered":"<p><strong>Du suchst ein Praktikum oder eine Ausbildungsstelle? Hier findest du f\u00fcnf&nbsp;Links, die auf Internet-B\u00f6rsen mit freien Ausbildungspl\u00e4tzen und m\u00f6glichen Praktikumsbetrieben verweisen und dir somit eine gute Hilfe sein k\u00f6nnen:<\/strong><\/p>\n<blockquote><p>Tipp f\u00fcr diejenigen, die &#8220;nur&#8221; einen Praktikumsplatz suchen: Wer ausbildet, ist auch meistens an Praktikanten interessiert &#8211; also kannst du es auch bei den unten genannten Betrieben versuchen&#8230;<\/p>\n<p>&nbsp;<\/p>\n<div id=\"attachment_5107\" style=\"width: 359px\" class=\"wp-caption aligncenter\"><a href=\"http:\/\/jobboerse.arbeitsagentur.de\/\" target=\"_blank\" rel=\"noopener\"><img loading=\"lazy\" decoding=\"async\" aria-describedby=\"caption-attachment-5107\" class=\"size-full wp-image-5107\" src=\"http:\/\/boeselager-realschule.de\/wp-content\/uploads\/2014\/11\/2014-JobboerseAA.jpg\" alt=\"Jobb\u00f6rse der Bundesagentur f\u00fcr Arbeit\" width=\"349\" height=\"193\" srcset=\"https:\/\/boeselager-realschule.de\/wp-content\/uploads\/2014\/11\/2014-JobboerseAA.jpg 349w, https:\/\/boeselager-realschule.de\/wp-content\/uploads\/2014\/11\/2014-JobboerseAA-300x165.jpg 300w\" sizes=\"auto, (max-width: 349px) 100vw, 349px\" \/><\/a><p id=\"caption-attachment-5107\" class=\"wp-caption-text\">Jobb\u00f6rse der Bundesagentur f\u00fcr Arbeit<\/p><\/div>\n<p>Die meisten Ausbildungspl\u00e4tze enth\u00e4lt die <strong><a href=\"http:\/\/jobboerse.arbeitsagentur.de\/\" target=\"_blank\" rel=\"noopener\">&#8220;Jobb\u00f6rse der Bundesagentur f\u00fcr Arbeit&#8221;<\/a><\/strong> &#8211; hier werden&nbsp;(Stand 06.06.16) 200 Ausbildungspl\u00e4tze im Umkreis von 25 km zu unserer Schule angezeigt.<br \/>\nEinfach im Dropdown-Men\u00fc &#8220;<strong>Sie suchen<\/strong>&#8221; auf &#8220;&#8211;&gt; <strong>Ausbildung<\/strong>&#8221; klicken und bei &#8220;Arbeitsort&#8221; die gew\u00fcnschte Postleitzahl eingeben&#8230;<\/p>\n<div id=\"attachment_5071\" style=\"width: 360px\" class=\"wp-caption aligncenter\"><a href=\"http:\/\/www.lehrstellen-radar.de\/\" target=\"_blank\" rel=\"noopener\"><img loading=\"lazy\" decoding=\"async\" aria-describedby=\"caption-attachment-5071\" class=\"wp-image-5071\" src=\"http:\/\/boeselager-realschule.de\/wp-content\/uploads\/2014\/11\/hwk1.jpg\" alt=\"Lehrstellenb\u00f6rse der Handwerkskammer Koblenz\" width=\"350\" height=\"165\" srcset=\"https:\/\/boeselager-realschule.de\/wp-content\/uploads\/2014\/11\/hwk1.jpg 371w, https:\/\/boeselager-realschule.de\/wp-content\/uploads\/2014\/11\/hwk1-300x141.jpg 300w\" sizes=\"auto, (max-width: 350px) 100vw, 350px\" \/><\/a><p id=\"caption-attachment-5071\" class=\"wp-caption-text\">Lehrstellenb\u00f6rse der Handwerkskammer Koblenz<\/p><\/div>\n<p>Jede Menge Praktikumspl\u00e4tze und Ausbildungsstellen weist auch der&nbsp;<strong><a href=\"http:\/\/www.lehrstellen-radar.de\/\" target=\"_blank\" rel=\"noopener\">Lehrstellenradar der Handwerkskammer Koblenz<\/a><\/strong> aus. Hier den Kreis (&#8211;&gt; Ahrweiler) und Ausbildungsbeginn ausw\u00e4hlen&#8230;&nbsp;Die Handwerkskammer bietet auch eine&nbsp;<strong>App<\/strong> an!<\/p>\n<div id=\"attachment_5069\" style=\"width: 360px\" class=\"wp-caption aligncenter\"><a href=\"http:\/\/www.ihk-lehrstellenboerse.de\/index.html\" target=\"_blank\" rel=\"noopener\"><img loading=\"lazy\" decoding=\"async\" aria-describedby=\"caption-attachment-5069\" class=\"wp-image-5069\" src=\"http:\/\/boeselager-realschule.de\/wp-content\/uploads\/2014\/11\/hwk.jpg\" alt=\"Lehrstellenb\u00f6rse der Industrie- und Handelskammer Koblenz\" width=\"350\" height=\"88\" srcset=\"https:\/\/boeselager-realschule.de\/wp-content\/uploads\/2014\/11\/hwk.jpg 499w, https:\/\/boeselager-realschule.de\/wp-content\/uploads\/2014\/11\/hwk-300x75.jpg 300w\" sizes=\"auto, (max-width: 350px) 100vw, 350px\" \/><\/a><p id=\"caption-attachment-5069\" class=\"wp-caption-text\">Lehrstellenb\u00f6rse der Industrie- und Handelskammer&nbsp;Koblenz<\/p><\/div>\n<p>Die <strong><a href=\"http:\/\/www.ihk-lehrstellenboerse.de\/index.html\" target=\"_blank\" rel=\"noopener\">Lehrstellenb\u00f6rse der IHK-Koblenz<\/a> <\/strong>zeigt dir zurzeit 56 noch freie Ausbildungspl\u00e4tze f\u00fcr unsere Region an &#8211; gib dazu einfach &#8220;53474&#8221; als Postleitzahl im Formular ein und stelle den Umkreis auf &#8220;20 km&#8221;&#8230;<\/p>\n<p>&nbsp;<\/p>\n<div id=\"attachment_5067\" style=\"width: 360px\" class=\"wp-caption aligncenter\"><a href=\"https:\/\/www.aubi-plus.de\/extern\/1050\/suchmaschine\/suche\/?suche&amp;sucheid&amp;suchetyp&amp;adresse=Ahrweiler&amp;adrid&amp;absenden=Absenden\" target=\"_blank\" rel=\"noopener\"><img loading=\"lazy\" decoding=\"async\" aria-describedby=\"caption-attachment-5067\" class=\"wp-image-5067\" src=\"http:\/\/boeselager-realschule.de\/wp-content\/uploads\/2014\/11\/ihk.jpg\" alt=\"Suchmaschine von AUBI-plus\" width=\"350\" height=\"101\" srcset=\"https:\/\/boeselager-realschule.de\/wp-content\/uploads\/2014\/11\/ihk.jpg 601w, https:\/\/boeselager-realschule.de\/wp-content\/uploads\/2014\/11\/ihk-300x86.jpg 300w\" sizes=\"auto, (max-width: 350px) 100vw, 350px\" \/><\/a><p id=\"caption-attachment-5067\" class=\"wp-caption-text\">Suchmaschine von AUBI-plus<\/p><\/div>\n<p>Gib in der<strong> <a href=\"https:\/\/www.aubi-plus.de\/extern\/1050\/suchmaschine\/suche\/?suche&amp;sucheid&amp;suchetyp&amp;adresse=Ahrweiler&amp;adrid&amp;absenden=Absenden\" target=\"_blank\" rel=\"noopener\">Suchmaschine von AUBI-plus<\/a><\/strong> einfach oben rechts &#8220;Ahrweiler&#8221; als Ort ein und durchforste das Ergebnis&#8230; Mit einem Klick auf das Ergebnis erh\u00e4ltst du weitere Infos.<\/p>\n<p>&nbsp;<\/p>\n<div id=\"attachment_5075\" style=\"width: 360px\" class=\"wp-caption aligncenter\"><a href=\"http:\/\/www.azubiyo.de\/stellenmarkt\/\" target=\"_blank\" rel=\"noopener\"><img loading=\"lazy\" decoding=\"async\" aria-describedby=\"caption-attachment-5075\" class=\"wp-image-5075\" src=\"http:\/\/boeselager-realschule.de\/wp-content\/uploads\/2014\/11\/azubiyo.jpg\" alt=\"Stellenmarkt von AZUBIYO\" width=\"350\" height=\"163\" srcset=\"https:\/\/boeselager-realschule.de\/wp-content\/uploads\/2014\/11\/azubiyo.jpg 475w, https:\/\/boeselager-realschule.de\/wp-content\/uploads\/2014\/11\/azubiyo-300x139.jpg 300w\" sizes=\"auto, (max-width: 350px) 100vw, 350px\" \/><\/a><p id=\"caption-attachment-5075\" class=\"wp-caption-text\">Stellenmarkt von AZUBIYO<\/p><\/div>\n<p style=\"text-align: left;\">&#8220;Last but not least&#8221;: Der <strong><a href=\"http:\/\/www.azubiyo.de\/stellenmarkt\/\" target=\"_blank\" rel=\"noopener\">Online-Stellenmarkt von AZUBIYO<\/a><\/strong> &#8211; auch hier in der Suchmaske Ahrweiler oder die PLZ 53474 und den Umkreis sowie Ausbildungsbeginn eingeben&#8230;<\/p>\n<p style=\"text-align: right;\"><em><strong>Viel Erfolg bei der Suche und bei der Bewerbung!!!<\/strong><\/em><\/p>\n<\/blockquote>\n","protected":false},"excerpt":{"rendered":"<p>Du suchst ein Praktikum oder eine Ausbildungsstelle? Hier findest du f\u00fcnf&nbsp;Links, die auf Internet-B\u00f6rsen mit freien Ausbildungspl\u00e4tzen und m\u00f6glichen Praktikumsbetrieben verweisen und dir somit eine gute Hilfe sein k\u00f6nnen: Tipp f\u00fcr diejenigen, die &#8220;nur&#8221; einen Praktikumsplatz suchen: Wer ausbildet, ist auch meistens an Praktikanten interessiert &#8211; also kannst du es auch bei den unten genannten [&hellip;]<\/p>\n","protected":false},"author":5,"featured_media":0,"parent":1190,"menu_order":5,"comment_status":"closed","ping_status":"open","template":"","meta":{"ngg_post_thumbnail":0,"footnotes":""},"class_list":["post-1711","page","type-page","status-publish","hentry"],"yoast_head":"<!-- This site is optimized with the Yoast SEO plugin v27.3 - https:\/\/yoast.com\/product\/yoast-seo-wordpress\/ -->\n<title>Lehrstellenb\u00f6rse &#183; Philipp Freiherr von Boeselager Realschule plus Ahrweiler<\/title>\n<meta name=\"description\" content=\"Realschule plus, Ahrweiler, Boeselager Realschule, individuelle F\u00f6rderung, Wahlpflichtf\u00e4cher, internationale Partnerschaften, Arbeitsgemeinschaften, Bildung, Schulgemeinschaft\" \/>\n<meta name=\"robots\" content=\"index, follow, max-snippet:-1, max-image-preview:large, max-video-preview:-1\" \/>\n<link rel=\"canonical\" href=\"https:\/\/boeselager-realschule.de\/?page_id=1711\" \/>\n<meta property=\"og:locale\" content=\"de_DE\" \/>\n<meta property=\"og:type\" content=\"article\" \/>\n<meta property=\"og:title\" content=\"Lehrstellenb\u00f6rse &#183; Philipp Freiherr von Boeselager Realschule plus Ahrweiler\" \/>\n<meta property=\"og:description\" content=\"Realschule plus, Ahrweiler, Boeselager Realschule, individuelle F\u00f6rderung, Wahlpflichtf\u00e4cher, internationale Partnerschaften, Arbeitsgemeinschaften, Bildung, Schulgemeinschaft\" \/>\n<meta property=\"og:url\" content=\"https:\/\/boeselager-realschule.de\/?page_id=1711\" \/>\n<meta property=\"og:site_name\" content=\"Philipp Freiherr von Boeselager Realschule plus Ahrweiler\" \/>\n<meta property=\"article:publisher\" content=\"https:\/\/www.facebook.com\/rsplus\" \/>\n<meta property=\"article:modified_time\" content=\"2023-01-09T17:38:16+00:00\" \/>\n<meta property=\"og:image\" content=\"http:\/\/boeselager-realschule.de\/wp-content\/uploads\/2014\/11\/2014-JobboerseAA.jpg\" \/>\n<meta name=\"twitter:card\" content=\"summary_large_image\" \/>\n<meta name=\"twitter:label1\" content=\"Gesch\u00e4tzte Lesezeit\" \/>\n\t<meta name=\"twitter:data1\" content=\"2\u00a0Minuten\" \/>\n<script type=\"application\/ld+json\" class=\"yoast-schema-graph\">{\"@context\":\"https:\\\/\\\/schema.org\",\"@graph\":[{\"@type\":\"WebPage\",\"@id\":\"https:\\\/\\\/boeselager-realschule.de\\\/?page_id=1711\",\"url\":\"https:\\\/\\\/boeselager-realschule.de\\\/?page_id=1711\",\"name\":\"Lehrstellenb\u00f6rse &#183; Philipp Freiherr von Boeselager Realschule plus Ahrweiler\",\"isPartOf\":{\"@id\":\"https:\\\/\\\/boeselager-realschule.de\\\/#website\"},\"primaryImageOfPage\":{\"@id\":\"https:\\\/\\\/boeselager-realschule.de\\\/?page_id=1711#primaryimage\"},\"image\":{\"@id\":\"https:\\\/\\\/boeselager-realschule.de\\\/?page_id=1711#primaryimage\"},\"thumbnailUrl\":\"http:\\\/\\\/boeselager-realschule.de\\\/wp-content\\\/uploads\\\/2014\\\/11\\\/2014-JobboerseAA.jpg\",\"datePublished\":\"2011-03-23T12:54:52+00:00\",\"dateModified\":\"2023-01-09T17:38:16+00:00\",\"description\":\"Realschule plus, Ahrweiler, Boeselager Realschule, individuelle F\u00f6rderung, Wahlpflichtf\u00e4cher, internationale Partnerschaften, Arbeitsgemeinschaften, Bildung, Schulgemeinschaft\",\"breadcrumb\":{\"@id\":\"https:\\\/\\\/boeselager-realschule.de\\\/?page_id=1711#breadcrumb\"},\"inLanguage\":\"de\",\"potentialAction\":[{\"@type\":\"ReadAction\",\"target\":[\"https:\\\/\\\/boeselager-realschule.de\\\/?page_id=1711\"]}]},{\"@type\":\"ImageObject\",\"inLanguage\":\"de\",\"@id\":\"https:\\\/\\\/boeselager-realschule.de\\\/?page_id=1711#primaryimage\",\"url\":\"https:\\\/\\\/boeselager-realschule.de\\\/wp-content\\\/uploads\\\/2014\\\/11\\\/2014-JobboerseAA.jpg\",\"contentUrl\":\"https:\\\/\\\/boeselager-realschule.de\\\/wp-content\\\/uploads\\\/2014\\\/11\\\/2014-JobboerseAA.jpg\",\"width\":349,\"height\":193,\"caption\":\"Jobb\u00f6rse der Bundesagentur f\u00fcr Arbeit\"},{\"@type\":\"BreadcrumbList\",\"@id\":\"https:\\\/\\\/boeselager-realschule.de\\\/?page_id=1711#breadcrumb\",\"itemListElement\":[{\"@type\":\"ListItem\",\"position\":1,\"name\":\"Startseite\",\"item\":\"https:\\\/\\\/boeselager-realschule.de\\\/\"},{\"@type\":\"ListItem\",\"position\":2,\"name\":\"Berufswahl\",\"item\":\"https:\\\/\\\/boeselager-realschule.de\\\/?page_id=1190\"},{\"@type\":\"ListItem\",\"position\":3,\"name\":\"Lehrstellenb\u00f6rse\"}]},{\"@type\":\"WebSite\",\"@id\":\"https:\\\/\\\/boeselager-realschule.de\\\/#website\",\"url\":\"https:\\\/\\\/boeselager-realschule.de\\\/\",\"name\":\"Philipp Freiherr von Boeselager Realschule plus Ahrweiler\",\"description\":\"\",\"publisher\":{\"@id\":\"https:\\\/\\\/boeselager-realschule.de\\\/#organization\"},\"potentialAction\":[{\"@type\":\"SearchAction\",\"target\":{\"@type\":\"EntryPoint\",\"urlTemplate\":\"https:\\\/\\\/boeselager-realschule.de\\\/?s={search_term_string}\"},\"query-input\":{\"@type\":\"PropertyValueSpecification\",\"valueRequired\":true,\"valueName\":\"search_term_string\"}}],\"inLanguage\":\"de\"},{\"@type\":\"Organization\",\"@id\":\"https:\\\/\\\/boeselager-realschule.de\\\/#organization\",\"name\":\"Philipp Freiherr von Boeselager Realschule plus Ahrweiler\",\"url\":\"https:\\\/\\\/boeselager-realschule.de\\\/\",\"logo\":{\"@type\":\"ImageObject\",\"inLanguage\":\"de\",\"@id\":\"https:\\\/\\\/boeselager-realschule.de\\\/#\\\/schema\\\/logo\\\/image\\\/\",\"url\":\"https:\\\/\\\/boeselager-realschule.de\\\/wp-content\\\/uploads\\\/2025\\\/02\\\/logo_280-gif.gif\",\"contentUrl\":\"https:\\\/\\\/boeselager-realschule.de\\\/wp-content\\\/uploads\\\/2025\\\/02\\\/logo_280-gif.gif\",\"width\":280,\"height\":226,\"caption\":\"Philipp Freiherr von Boeselager Realschule plus Ahrweiler\"},\"image\":{\"@id\":\"https:\\\/\\\/boeselager-realschule.de\\\/#\\\/schema\\\/logo\\\/image\\\/\"},\"sameAs\":[\"https:\\\/\\\/www.facebook.com\\\/rsplus\"]}]}<\/script>\n<!-- \/ Yoast SEO plugin. -->","yoast_head_json":{"title":"Lehrstellenb\u00f6rse &#183; Philipp Freiherr von Boeselager Realschule plus Ahrweiler","description":"Realschule plus, Ahrweiler, Boeselager Realschule, individuelle F\u00f6rderung, Wahlpflichtf\u00e4cher, internationale Partnerschaften, Arbeitsgemeinschaften, Bildung, Schulgemeinschaft","robots":{"index":"index","follow":"follow","max-snippet":"max-snippet:-1","max-image-preview":"max-image-preview:large","max-video-preview":"max-video-preview:-1"},"canonical":"https:\/\/boeselager-realschule.de\/?page_id=1711","og_locale":"de_DE","og_type":"article","og_title":"Lehrstellenb\u00f6rse &#183; Philipp Freiherr von Boeselager Realschule plus Ahrweiler","og_description":"Realschule plus, Ahrweiler, Boeselager Realschule, individuelle F\u00f6rderung, Wahlpflichtf\u00e4cher, internationale Partnerschaften, Arbeitsgemeinschaften, Bildung, Schulgemeinschaft","og_url":"https:\/\/boeselager-realschule.de\/?page_id=1711","og_site_name":"Philipp Freiherr von Boeselager Realschule plus Ahrweiler","article_publisher":"https:\/\/www.facebook.com\/rsplus","article_modified_time":"2023-01-09T17:38:16+00:00","og_image":[{"url":"http:\/\/boeselager-realschule.de\/wp-content\/uploads\/2014\/11\/2014-JobboerseAA.jpg","type":"","width":"","height":""}],"twitter_card":"summary_large_image","twitter_misc":{"Gesch\u00e4tzte Lesezeit":"2\u00a0Minuten"},"schema":{"@context":"https:\/\/schema.org","@graph":[{"@type":"WebPage","@id":"https:\/\/boeselager-realschule.de\/?page_id=1711","url":"https:\/\/boeselager-realschule.de\/?page_id=1711","name":"Lehrstellenb\u00f6rse &#183; Philipp Freiherr von Boeselager Realschule plus Ahrweiler","isPartOf":{"@id":"https:\/\/boeselager-realschule.de\/#website"},"primaryImageOfPage":{"@id":"https:\/\/boeselager-realschule.de\/?page_id=1711#primaryimage"},"image":{"@id":"https:\/\/boeselager-realschule.de\/?page_id=1711#primaryimage"},"thumbnailUrl":"http:\/\/boeselager-realschule.de\/wp-content\/uploads\/2014\/11\/2014-JobboerseAA.jpg","datePublished":"2011-03-23T12:54:52+00:00","dateModified":"2023-01-09T17:38:16+00:00","description":"Realschule plus, Ahrweiler, Boeselager Realschule, individuelle F\u00f6rderung, Wahlpflichtf\u00e4cher, internationale Partnerschaften, Arbeitsgemeinschaften, Bildung, Schulgemeinschaft","breadcrumb":{"@id":"https:\/\/boeselager-realschule.de\/?page_id=1711#breadcrumb"},"inLanguage":"de","potentialAction":[{"@type":"ReadAction","target":["https:\/\/boeselager-realschule.de\/?page_id=1711"]}]},{"@type":"ImageObject","inLanguage":"de","@id":"https:\/\/boeselager-realschule.de\/?page_id=1711#primaryimage","url":"https:\/\/boeselager-realschule.de\/wp-content\/uploads\/2014\/11\/2014-JobboerseAA.jpg","contentUrl":"https:\/\/boeselager-realschule.de\/wp-content\/uploads\/2014\/11\/2014-JobboerseAA.jpg","width":349,"height":193,"caption":"Jobb\u00f6rse der Bundesagentur f\u00fcr Arbeit"},{"@type":"BreadcrumbList","@id":"https:\/\/boeselager-realschule.de\/?page_id=1711#breadcrumb","itemListElement":[{"@type":"ListItem","position":1,"name":"Startseite","item":"https:\/\/boeselager-realschule.de\/"},{"@type":"ListItem","position":2,"name":"Berufswahl","item":"https:\/\/boeselager-realschule.de\/?page_id=1190"},{"@type":"ListItem","position":3,"name":"Lehrstellenb\u00f6rse"}]},{"@type":"WebSite","@id":"https:\/\/boeselager-realschule.de\/#website","url":"https:\/\/boeselager-realschule.de\/","name":"Philipp Freiherr von Boeselager Realschule plus Ahrweiler","description":"","publisher":{"@id":"https:\/\/boeselager-realschule.de\/#organization"},"potentialAction":[{"@type":"SearchAction","target":{"@type":"EntryPoint","urlTemplate":"https:\/\/boeselager-realschule.de\/?s={search_term_string}"},"query-input":{"@type":"PropertyValueSpecification","valueRequired":true,"valueName":"search_term_string"}}],"inLanguage":"de"},{"@type":"Organization","@id":"https:\/\/boeselager-realschule.de\/#organization","name":"Philipp Freiherr von Boeselager Realschule plus Ahrweiler","url":"https:\/\/boeselager-realschule.de\/","logo":{"@type":"ImageObject","inLanguage":"de","@id":"https:\/\/boeselager-realschule.de\/#\/schema\/logo\/image\/","url":"https:\/\/boeselager-realschule.de\/wp-content\/uploads\/2025\/02\/logo_280-gif.gif","contentUrl":"https:\/\/boeselager-realschule.de\/wp-content\/uploads\/2025\/02\/logo_280-gif.gif","width":280,"height":226,"caption":"Philipp Freiherr von Boeselager Realschule plus Ahrweiler"},"image":{"@id":"https:\/\/boeselager-realschule.de\/#\/schema\/logo\/image\/"},"sameAs":["https:\/\/www.facebook.com\/rsplus"]}]}},"_links":{"self":[{"href":"https:\/\/boeselager-realschule.de\/index.php?rest_route=\/wp\/v2\/pages\/1711","targetHints":{"allow":["GET"]}}],"collection":[{"href":"https:\/\/boeselager-realschule.de\/index.php?rest_route=\/wp\/v2\/pages"}],"about":[{"href":"https:\/\/boeselager-realschule.de\/index.php?rest_route=\/wp\/v2\/types\/page"}],"author":[{"embeddable":true,"href":"https:\/\/boeselager-realschule.de\/index.php?rest_route=\/wp\/v2\/users\/5"}],"replies":[{"embeddable":true,"href":"https:\/\/boeselager-realschule.de\/index.php?rest_route=%2Fwp%2Fv2%2Fcomments&post=1711"}],"version-history":[{"count":1,"href":"https:\/\/boeselager-realschule.de\/index.php?rest_route=\/wp\/v2\/pages\/1711\/revisions"}],"predecessor-version":[{"id":11190,"href":"https:\/\/boeselager-realschule.de\/index.php?rest_route=\/wp\/v2\/pages\/1711\/revisions\/11190"}],"up":[{"embeddable":true,"href":"https:\/\/boeselager-realschule.de\/index.php?rest_route=\/wp\/v2\/pages\/1190"}],"wp:attachment":[{"href":"https:\/\/boeselager-realschule.de\/index.php?rest_route=%2Fwp%2Fv2%2Fmedia&parent=1711"}],"curies":[{"name":"wp","href":"https:\/\/api.w.org\/{rel}","templated":true}]}}